{"id":79,"date":"2022-07-25T08:32:22","date_gmt":"2022-07-25T06:32:22","guid":{"rendered":"https:\/\/bioval-granules.fr\/?page_id=79"},"modified":"2025-10-29T17:41:51","modified_gmt":"2025-10-29T16:41:51","slug":"livraison","status":"publish","type":"page","link":"https:\/\/bioval-granules.fr\/index.php\/livraison\/","title":{"rendered":"Livraison"},"content":{"rendered":"\n<h3 class=\"wp-block-heading\">Vente et livraison de granul\u00e9s&nbsp;en sac ou en vrac<\/h3>\n\n\n\n<p><strong>Vous souhaitez vous approvisionner en granul\u00e9s de bois et vous habitez en r\u00e9gion Auvergne Rh\u00f4ne-Alpes ?<\/strong><\/p>\n\n\n\n<p>Vous pouvez retirer vos commandes soit \u00e0 notre usine de Verne (43), soit vous faire livrer \u00e0 domicile.<\/p>\n\n\n\n<p>Vous pouvez acheter en sac par palette ou en vrac (big bag), selon votre besoin.<\/p>\n\n\n\n<p>De m\u00eame, nous proposons des b\u00fbches de bois compress\u00e9, un produit 100% naturel et beaucoup plus performant que du bois de chauffage classique. N\u2019h\u00e9sitez-pas \u00e0&nbsp;<a href=\"https:\/\/www.bioval-granules.fr\/contact\">nous contacter<\/a>&nbsp;!<\/p>\n\n\n\n<h2 class=\"wp-block-heading\">Retrait usine et service&nbsp;livraison<\/h2>\n\n\n\n<p><strong>Nous offrons plusieurs possibilit\u00e9s pour retirer votre commande :<\/strong><\/p>\n\n\n\n<p><strong>Le retrait usine de Verne (43) :<\/strong>&nbsp;vous pouvez retir\u00e9 votre commande palette ou big bag sur place (possibilit\u00e9 de retirer une palette en plusieurs fois sous 15 jours).<\/p>\n\n\n\n<p><strong>Notre service de livraison palette ou big bag :\u00a0<\/strong>effectu\u00e9 par notre propre flotte de v\u00e9hicules (commande minimum de 1 palette et jusqu\u2019\u00e0 22 palettes).<\/p>\n\n\n\n<p><strong>Notre service de livraison en vrac :<\/strong>\u00a0effectu\u00e9 par nos camions souffleurs (capacit\u00e9 de 9T et 12T) pour vos silos rigides ou textiles (commande minimum de 3T).<\/p>\n\n\n<div class=\"wp-block-image is-resized\">\n<figure class=\"aligncenter size-large\"><img loading=\"lazy\" decoding=\"async\" width=\"2560\" height=\"1599\" src=\"https:\/\/bioval-granules.fr\/wp-content\/uploads\/2022\/07\/Camion-9-edited-scaled.jpg\" alt=\"\" class=\"wp-image-242\" srcset=\"https:\/\/bioval-granules.fr\/wp-content\/uploads\/2022\/07\/Camion-9-edited-scaled.jpg 2560w, https:\/\/bioval-granules.fr\/wp-content\/uploads\/2022\/07\/Camion-9-edited-300x187.jpg 300w, https:\/\/bioval-granules.fr\/wp-content\/uploads\/2022\/07\/Camion-9-edited-1024x640.jpg 1024w, https:\/\/bioval-granules.fr\/wp-content\/uploads\/2022\/07\/Camion-9-edited-768x480.jpg 768w, https:\/\/bioval-granules.fr\/wp-content\/uploads\/2022\/07\/Camion-9-edited-1536x960.jpg 1536w, https:\/\/bioval-granules.fr\/wp-content\/uploads\/2022\/07\/Camion-9-edited-2048x1279.jpg 2048w, https:\/\/bioval-granules.fr\/wp-content\/uploads\/2022\/07\/Camion-9-edited-416x260.jpg 416w\" sizes=\"auto, (max-width: 2560px) 100vw, 2560px\" \/><figcaption class=\"wp-element-caption\">Camion livraison vrac souffl\u00e9<\/figcaption><\/figure>\n<\/div>\n\n\n<blockquote class=\"wp-block-quote has-vivid-cyan-blue-color has-text-color is-layout-flow wp-block-quote-is-layout-flow\">\n<p>Bon \u00e0 savoir : 1 m<sup>3<\/sup> \u2248 700kg de granules<\/p>\n<\/blockquote>\n\n\n\n<h1 class=\"wp-block-heading\">Secteur de livraison<\/h1>\n\n\n\n<blockquote class=\"wp-block-quote is-style-plain is-layout-flow wp-block-quote-is-layout-flow\">\n<p id=\"block-f22027cc-8110-4bba-b8fc-49ef4c782ce1\">Livraison de granul\u00e9s en Haute-Loire, Loire, Ard\u00e8che, Is\u00e8re, Rh\u00f4ne, Dr\u00f4me.<\/p>\n\n\n\n<figure class=\"wp-block-image\" id=\"block-49378253-468b-4d83-94cc-ea8e14df65c7\"><img decoding=\"async\" src=\"https:\/\/bioval-granules.fr\/wp-content\/uploads\/2022\/07\/ZONE-LIV.jpg\" alt=\"L\u2019attribut alt de cette image est vide, son nom de fichier est ZONE-LIV.jpg.\"\/><\/figure>\n<\/blockquote>\n\n\n\n<blockquote class=\"wp-block-quote is-style-plain is-layout-flow wp-block-quote-is-layout-flow\">\n<p id=\"block-0d4ab9be-3e74-4998-b0cf-7a484cbdc37f\">Secteur approximatif de livraison&nbsp;pour un volume inf\u00e9rieur \u00e0 5 palettes.<\/p>\n\n\n\n<p id=\"block-f57e6f66-f1c8-41b6-ac14-3505d8b43b6f\">Pour les autres volumes et\/ou autres destinations, n\u2019h\u00e9sitez pas \u00e0 nous contacter.<\/p>\n<\/blockquote>\n","protected":false},"excerpt":{"rendered":"<p>Vente et livraison de granul\u00e9s&nbsp;en sac ou en vrac Vous souhaitez vous approvisionner en granul\u00e9s de bois et vous habitez en r\u00e9gion Auvergne Rh\u00f4ne-Alpes ? Vous pouvez retirer vos commandes soit \u00e0 notre usine de Verne (43), soit vous faire livrer \u00e0 domicile. Vous pouvez acheter en sac par palette ou en vrac (big bag), [&hellip;]<\/p>\n","protected":false},"author":4,"featured_media":0,"parent":0,"menu_order":0,"comment_status":"closed","ping_status":"closed","template":"elementor_theme","meta":{"_themeisle_gutenberg_block_has_review":false,"footnotes":""},"class_list":["post-79","page","type-page","status-publish","hentry"],"jetpack_sharing_enabled":true,"_links":{"self":[{"href":"https:\/\/bioval-granules.fr\/index.php\/wp-json\/wp\/v2\/pages\/79","targetHints":{"allow":["GET"]}}],"collection":[{"href":"https:\/\/bioval-granules.fr\/index.php\/wp-json\/wp\/v2\/pages"}],"about":[{"href":"https:\/\/bioval-granules.fr\/index.php\/wp-json\/wp\/v2\/types\/page"}],"author":[{"embeddable":true,"href":"https:\/\/bioval-granules.fr\/index.php\/wp-json\/wp\/v2\/users\/4"}],"replies":[{"embeddable":true,"href":"https:\/\/bioval-granules.fr\/index.php\/wp-json\/wp\/v2\/comments?post=79"}],"version-history":[{"count":15,"href":"https:\/\/bioval-granules.fr\/index.php\/wp-json\/wp\/v2\/pages\/79\/revisions"}],"predecessor-version":[{"id":4544,"href":"https:\/\/bioval-granules.fr\/index.php\/wp-json\/wp\/v2\/pages\/79\/revisions\/4544"}],"wp:attachment":[{"href":"https:\/\/bioval-granules.fr\/index.php\/wp-json\/wp\/v2\/media?parent=79"}],"curies":[{"name":"wp","href":"https:\/\/api.w.org\/{rel}","templated":true}]}}